p = -h. What is n(h)?
-5
Let d(f) = 0 + 0 + 2*f + 2*f + 23 + 0. Determine d(-5).
3
Let n(a) = a**2 - a + 1. Suppose 4*s - 2*f = 8, -11 = -4*s + 4*f - 3. Determine n(s).
3
Suppose 0*k + 5*k + 4*g + 4 = 0, k + g = -1. Let p(l) = 5*l - 3. Let s(b) = 4*b - 2. Let d(f) = -3*p(f) + 4*s(f). What is d(k)?
1
Let s(p) = -13630*p + 13630*p + 2*p**2 - 1. What is s(-2)?
7
Let h(x) = -2*x**3 - 29*x**2 + 15*x + 10. Let f be h(-15). Let k(g) = -g**3 + 11*g**2 - 12*g + 17. Calculate k(f).
-3
Let a(o) = -3*o**2 - 2*o - 3. Let f(n) = -n**2 + 1. Let l(t) = -a(t) + 2*f(t). Determine l(-4).
13
Let x(m) = -m**2 + 5*m - 6. Let z be (-4*10/35)/((-12)/42). What is x(z)?
-2
Let z = -818 + 818. Let s(n) = -n**3 + n**2 - 25. Give s(z).
-25
Let v = -7 + 6. Let d be v/(1*(-3)/3). Let a(u) be the second derivative of -9*u**5/20 - u**4/12 + u**2/2 + 4*u - 2. Determine a(d).
-9
Suppose -x = -4, 5*x - 51 = -5*v + x. Let w(b) = 1 - 1 - v*b - 2 - 1. Give w(-3).
18
Let d(b) = b**3 - 5*b**2 - b + 1. Suppose 0 = -r - 2 + 4. Suppose 3 - 9 = -r*j - m, 4*m + 31 = 3*j. Give d(j).
-4
Suppose -24*c = -8*c - 96. Suppose c*s = -38 - 4. Let x(w) = w - 1. What is x(s)?
-8
Let i be 2/4 + (16/(-2) - -8). Let f(n) be the second derivative of -1/12*n**4 + i*n**3 + 3*n + 0*n**2 + 0. Give f(3).
0
Suppose a + 10 - 15 = 0. Let i(d) = -3 - a*d - 1 + 1 + d**2 - 3. Calculate i(5).
-6
Let j be (40/(-30))/(5 + (-98)/21). Let r(n) = n + 1. Let a(w) = -4*w - 10. Let y(g) = -a(g) - 5*r(g). Determine y(j).
9
Let a(x) = 3*x**2 - 4201*x**3 + 4202*x**3 - 2 + 3*x**2 + 2*x. What is a(-5)?
13
Let o(w) = -w. Let z be o(-6). Suppose 4*k = -4*a + 8, -3*a - 3*k = -5*k - z. Let f(c) = 3*c + 3*c**2 - 2*c + 3*c**a + 1. What is f(-1)?
6
Let v(c) = -4 - 2 - 2*c + 3 + 2. Let y(b) = -b**3 - 3*b**2 + 2*b + 4. Let p(g) = -g**2 - g + 3. Let q be p(-3). Let d be y(q). Determine v(d).
3
Let u(h) = 5*h**2 + 18*h + 8. Let d(t) = -14*t**2 - 52*t - 23. Let q(p) = -6*d(p) - 17*u(p). Calculate q(5).
7
Let g(s) = 9*s**3 - 2*s**2 + 8*s + 11. Let y(k) = -5*k**3 + k**2 - 4*k - 6. Let z(l) = -6*g(l) - 11*y(l). Let p = 30 - 76. Let m = p - -43. Give z(m).
-6
Let i = 295 + -290. Let y(u) be the third derivative of 1/12*u**4 + 1/2*u**3 + 0 + 0*u - i*u**2. Calculate y(-2).
-1
Let v(a) = a**3 - 16*a**2 - 2*a - 8. Suppose 32*n - 21*n = 176. Give v(n).
-40
Suppose 5*z = -5*q + 9 - 309, 0 = -z + 4*q - 75. Let p = z - -56. Let r(h) = -h**3 - 7*h**2 - 10. What is r(p)?
-10
Let d be (-5)/20 + (-17)/(-4). Suppose -d*q = 2*z + 34, 3*z + 15 + 0 = 0. Let b(g) = -7*g + 4 - 5 + 6*g. Determine b(q).
5
Let x(u) = -3*u**2 + 10*u + 26. Let n(o) = -o**2 + 6*o + 12. Let w(q) = 5*n(q) - 2*x(q). Calculate w(-7).
-13
Let d be (1/(-2))/((-2)/192). Let c(l) = l + 9. Let r be c(-6). Suppose 4*i = -3*z - z - d, -r*i + 5*z = -4. Let s(m) = m + 9. Give s(i).
2
Suppose 55 = -2*g + 39. Let l(d) = d**2 + 6*d - 9. Give l(g).
7
Suppose 3*t = 3*z, 3*t = -2*z + t + 8. Suppose 4*b - 26 = -z*x, 0 = 2*x - 0*x + 3*b - 22. Let u(o) = 5*o - 3. What is u(x)?
22
Let w(m) = -m**2 - m - 8. Suppose 2*r = 3*c + 56, -3*r = -c - 5*r - 24. Let q = 20 + c. What is w(q)?
-8
Let g = -8 + 9. Let q = -1 + g. Let h(o) = -o. Calculate h(q).
0
Let t = 254 - 252. Let u(k) be the first derivative of 1 + 0*k**t + 1/3*k**3 + 7*k. What is u(0)?
7
Let s(q) = -q**2 - 8*q - 11. Let m(z) = -5*z + 118. Let n be m(25). What is s(n)?
-4
Let v = -4180 + 4183. Let p(h) be the first derivative of h**2 - 4*h - 1. What is p(v)?
2
Let f(c) be the first derivative of -c**3/3 + 2*c**2 + 3*c - 13. Let u be f(4). Let s(b) = -b**3 + 4*b - 3. Calculate s(u).
-18
Let o(r) be the third derivative of -r**5/60 - 7*r**4/24 + 13*r**3/6 - 7*r**2 + 11*r. Determine o(-8).
5
Let t(p) = -p - 14. Let h be t(-16). Suppose 2*s - 4 = -h*s. Let w(d) = -25*d - 10. Let z(n) = 8*n + 3. Let x(a) = 2*w(a) + 7*z(a). Give x(s).
7
Let f(m) = m**3 + 3*m**2 - 2*m + 4. Let x(k) = k**2 - 5*k - 10. Let h be x(7). Let y be (-7)/(h/(-5 + 1)). Let d(w) = -2*w + 11. Let r be d(y). Give f(r).
10
Suppose -4*g + 3*g = -1. Let a(u) = -g + 12 - 7 + u + 9. Let c = -9 + 3. Give a(c).
7
Suppose -13*g = -3*g. Suppose 0 = 2*k + 4*x - x + 3, 5*k - 2*x - 21 = g. Let d(a) = -2*a + 3. Determine d(k).
-3
Let a(l) = -l**3 - 8*l**2 - 8*l - 7. Let p be 3/(-1)*(-7)/(-7) - -53. Suppose -2*w - 17 = k, 0 = -3*k - 2*k - 3*w - p. Calculate a(k).
0
Let h(c) = -2*c - 3. Let n = 20 - 77. Let l = n + 51. Calculate h(l).
9
Let z(h) be the second derivative of h**4/12 - h**3/3 - 5*h**2 + h. Let y(g) be the first derivative of z(g). Determine y(4).
6
Let y(h) = h**3 + 4*h**2 - 14*h. Let t = -297 - -291. Give y(t).
12
Let z(m) = 15*m**3 - 11*m**2 + 13*m - 11. Let y(o) = -7*o**3 + 5*o**2 - 6*o + 5. Let p = -40 + 27. Let v(u) = p*y(u) - 6*z(u). Determine v(-2).
-3
Let x be (-172)/8 - (-1)/2. Let k = x + 20. Let p = k - 0. Let z(q) = -6*q**2 - q - 1. Calculate z(p).
-6
Let t(l) = -l - 1. Let v(n) = -n. Let c(i) = 5*t(i) - 4*v(i). Let d(m) = -4*m - 20. Let u(z) = 9*c(z) - 2*d(z). Give u(-5).
0
Suppose -3 = -2*i + 1. Suppose -3*p - 33 = -3*m, -6*p - 4*m - 20 = -i*p. Let n(g) = g + 11. Calculate n(p).
3
Suppose 0 = 16*h - 20*h - 16. Let l(m) = -m**2 - m + 3. Give l(h).
-9
Let q(w) = 2*w + 11. Let v be q(-4). Suppose 2*r = -v + 19. Let f(b) = b - 3. Determine f(r).
5
Suppose -o = -4*l - 22, 3*o + 3*l + 1 = -8. Let y(i) = -i**2 - o + i - 10*i + 4*i. Let j = 2 + -5. Calculate y(j).
4
Let v(o) be the second derivative of o**3/3 - 3*o**2 - 156*o. Let s be (-1)/1*4/(-2). Suppose 5*t + 20 = 0, -s*w + 5*t = -15 - 17. Determine v(w).
6
Let u(b) = -b. Let o(q) = 6*q**2 + 2*q + 6. Let k be o(-4). Let d(f) = k - 94 - f. Let m(a) = 4*d(a) - 3*u(a). Give m(-6).
6
Let x(f) = -7800*f - 7 - f**2 + 15604*f - 7801*f. Give x(4).
-11
Let t(k) be the second derivative of -k**4/12 + k**3/3 - k**2/2 + 4*k. Let v(m) = -m**2 - 11*m - 9. Let h be v(-9). Let f be 68/18 - (-2)/h. What is t(f)?
-9
Let c(o) = 3 + 3 + o**2 + 0 + 6 - 17 + 10*o. Calculate c(-11).
6
Let b(j) be the first derivative of 28 - j**2 + 1/3*j**3 + j. What is b(4)?
9
Let p(k) be the third derivative of k**5/20 - k**4/12 + k**3/6 - 12*k**2. What is p(1)?
2
Let x(y) be the third derivative of -y**5/60 - y**4/8 + y**3 + 12*y**2. Let h be x(-4). Let r(n) = 10 - 6 + 2*n - n**h - 2*n. Determine r(0).
4
Let m(n) = -n - 2. Let z be m(3). Let l(w) be the second derivative of w**3/2 - 3*w**2 - 4830*w. Determine l(z).
-21
Let d(t) = -4*t**3 - 4*t**2 + 9. Let x(h) = h**3 + h**2 - 2. Let y(b) = 2*d(b) + 9*x(b). Suppose 5*c + 5*p = 36 - 26, 2*p = 5*c + 11. Determine y(c).
0
Suppose -4*c = -0 - 4. Let y(z) be the first derivative of -z**6/90 - z**4/24 - 13*z**3/3 - 13. Let o(t) be the third derivative of y(t). Determine o(c).
-5
Let l(o) = o + 2. Suppose 4*d - 38 = -2*r, 9*d + r = 11*d - 13. Calculate l(d).
10
Let j(q) = q**3 + 6*q**2 + 5*q + 2. Suppose -3*x - 7 = 4*m, 2*m - 2*x - 2 = -16. Calculate j(m).
14
Let k = 21 - 101. Let v = -76 - k. Let o(g) = -g**2 + 3*g - 4. Determine o(v).
-8
Suppose s - 4*k - 183 = 0, 0*s - 4*k - 756 = -4*s. Let p(n) = n**3 - s*n**2 + 190*n**2 - 2 - 5. What is p(0)?
-7
Let x(g) = -6*g**2 + g. Let h be x(1). Let l = h + 7. Let a(b) = 7*b + 4. Let f(k) = -4*k - 2. Let t(v) = -6*a(v) - 11*f(v). What is t(l)?
2
Let i(m) = -m**3 + 6*m**2 - 10*m. Let l be i(3). Let d(q) = -q**2 - 3. Determine d(l).
-12
Let n(r) = 16*r - 2. Suppose 0 = 862*b - 863*b - 1. Determine n(b).
-18
Let w(z) = 6*z**2 + z + 1. Let f be w(-1). Let u = 12 - f. Let r = u - 11. Let q(n) = -n - 3. What is q(r)?
2
Let q(c) = -2*c + 1. Let w(i) = 2*i**3 + 8*i**2 + 2*i - 7. Let v be w(-3). Suppose 0*b - 5*b = v. Calculate q(b).
3
Let c(w) = -w - 7. Let r be c(-4). Let x(q) = 2*q**3 - 7*q**2 + 10*q - 3 - q**3 + 4*q**3 - 4*q**3. Let d(z) = -z + 1. Let a(i) = r*d(i) - x(i). Determine a(6).
-6
Let w(z) be the third derivative of -z**5/12 + z**4/12 + z**3/3 - 74*z**2. Give w(2).
-14
Let s(d) = d**2 + 2*d - 4. Let x = 51 + -55. Determine s(x).
4
Let h(x) = 13*x - 112. Let g be h(9). Let n(r) = -2*r - 7. Calculate n(g).
-17
Let s(h) = 5 - 3 + 6 + 7751*h - 7750*h. Suppose -2*i + 3*i + 31 = 5*t, 0 = -5*i + 2*t - 40. Give s(i).
2
Let v(w) = 4*w - 7. Let o = -265 + 268. Calculate v(o).
5
Let p(q) = q**3 + 14 + 3*q**2 - 11 + 2*q - 2*q - 3*q. Let k(j) = -j**2 - 11*j - 14. Let o be k(-11)